101
-3221110013 (base 4) to base 15
-13d255
What is -102a69 (base 11) in base 7?
-1255021
Convert -96189b (base 12) to base 13.
-64b446
What is 3043200210 (base 5) in base 8?
27576237
What is 21320333 (base 4) in base 2?
1001111000111111
Convert -330826 (base 10) to base 2.
-1010000110001001010
What is -33331112022 (base 4) in base 8?
-17752612
Convert -17041c (base 14) to base 15.
-10e416
What is -235355 (base 9) in base 3?
-21012101212
Convert 300363 (base 8) to base 7.
560211
-39d4fa (base 16) to base 5
-1432240244
What is 217753 (base 8) in base 13?
2771a
493ba (base 16) to base 10
299962
Convert -285630 (base 11) to base 4.
-1231002310
71946 (base 12) to base 3
21112100000
Convert 389539 (base 10) to base 5.
44431124
56281 (base 9) to base 11
26123
What is 10001110011011000110 (base 2) in base 16?
8e6c6
-1001000001011100001010 (base 2) to base 15
-31abe9
Convert -3229 (base 16) to base 6.
-135241
-2760673 (base 8) to base 10
-778683
-14520004 (base 6) to base 12
-206004
What is -b2bb1 (base 16) in base 2?
-10110010101110110001
802eb (base 15) to base 7
3306500
What is 27a58 (base 13) in base 4?
102020120
-591295 (base 10) to base 14
-1156b5
-2115344 (base 9) to base 15
-1757ea
-722073 (base 9) to base 3
-210202002110
Convert -30024204 (base 5) to base 14.
-620dd
111111110111011011101 (base 2) to base 15
2b512a
What is 112023342 (base 6) in base 3?
10212110121222
What is -7b08 (base 16) in base 12?
-16288
What is 1f6e1 (base 16) in base 15?
28227
757a (base 15) to base 9
37087
-2c608 (base 16) to base 5
-21304033
3249a (base 14) to base 13
434b2
-1518c8 (base 14) to base 13
-1c9369
What is -50500 (base 6) in base 4?
-1220010
What is -138238 (base 9) in base 14?
-22c65
What is -31317 (base 14) in base 5?
-12243401
241055 (base 6) to base 10
20987
-5a1a0 (base 13) to base 5
-20240244
Convert 41368 (base 12) to base 4.
110303000
Convert 1a3708b (base 13) to base 9.
17230087
2a44b (base 12) to base 8
163773
537612 (base 8) to base 3
100011001121
Convert -2300410 (base 7) to base 3.
-112112012201
-705e50 (base 15) to base 12
-1953979
2022143013 (base 5) to base 12
1458666
5280999 (base 10) to base 13
112b969
-12556171 (base 9) to base 12
-209b584
What is -23310443 (base 5) in base 6?
-4323132
11101110000100011 (base 2) to base 13
43633
-503166 (base 7) to base 9
-138733
11010011100010101 (base 2) to base 5
11431214
Convert -121001212021 (base 3) to base 9.
-531767
Convert -74241 (base 12) to base 2.
-100101001101010001
What is -295580 (base 10) in base 12?
-123078
Convert -354715 (base 14) to base 10.
-1817919
Convert 19837 (base 14) to base 3.
10021210101
Convert 148921 (base 11) to base 3.
102202101110
-783000 (base 9) to base 14
-c27bc
Convert 21024334 (base 5) to base 9.
284261
-46166115 (base 7) to base 8
-17305566
What is 547722 (base 9) in base 7?
2531606
What is -2a20061 (base 11) in base 7?
-62024506
Convert 557991 (base 11) to base 9.
1604380
-2012101102 (base 3) to base 13
-16922
Convert 36499 (base 14) to base 13.
484a5
What is 332453 (base 10) in base 15?
68788
Convert -14422113 (base 7) to base 6.
-45144150
3d651 (base 15) to base 8
601070
11476062 (base 9) to base 5
2413212323
What is -2440014 (base 5) in base 14?
-12c03
-8b903 (base 13) to base 4
-332003203
1475744 (base 12) to base 6
224352524
1551336 (base 9) to base 4
3102011100
Convert -e5d47 (base 16) to base 13.
-26c641
78306 (base 13) to base 9
362050
Convert -105243111 (base 6) to base 7.
-22304266
What is -6e01c (base 16) in base 9?
-756073
What is 102432123 (base 5) in base 13?
12390b
-221201000022 (base 3) to base 16
-7b84e
130cc (base 14) to base 15
dd1d
Convert -adc6a (base 15) to base 14.
-105709
Convert 3456598 (base 12) to base 10.
10068164
-211211022200 (base 3) to base 9
-754280
-6ac0 (base 15) to base 8
-54230
What is 212321323 (base 4) in base 15?
3233a
-10142020422 (base 5) to base 15
-dc67ac
-20211222221 (base 3) to base 13
-49501
-884061 (base 9) to base 5
-113342401
Convert -202582 (base 10) to base 13.
-71293
What is 122010101121201 (base 3) in base 14?
12ccb1d
Convert 63304 (base 7) to base 5.
444321
Convert 84157 (base 11) to base 15.
2650a
6469179 (base 11) to base 2
101011011000110000100010
What is 106110322 (base 7) in base 14?
c0d282
241240305 (base 6) to base 7
53434022
52723 (base 10) to base 3
2200022201
-2300131212 (base 4) to base 5
-141112130
Convert -1010002220111 (base 3) to base 5.
-122430414
-86079 (base 11) to base 13
-44caa
-88539 (base 10) to base 3
-11111110020
What is 10010000110101001 (base 2) in base 16?
121a9
Convert 5ac288 (base 15) to base 8.
20444613
What is 1481057 (base 9) in base 14?
175242
Convert -1dc2d4 (base 14) to base 15.
-1623c8
Convert -a188c8 (base 13) to base 3.
-21002001112212
722726 (base 8) to base 4
322113112
2432054 (base 6) to base 11
88824
What is -430525 (base 9) in base 12?
-1043ab
Convert 52135 (base 8) to base 9.
32556
What is 247999 (base 12) in base 11?
376407
Convert -120266 (base 8) to base 4.
-22002312
Convert -2123201 (base 6) to base 11.
-71490
Convert 1000010000001011100 (base 2) to base 8.
1020134
What is -3880540 (base 9) in base 5?
-1020312034
Convert c83b6 (base 13) to base 8.
1301004
-36087085 (base 9) to base 10
-17595221
What is 2072605 (base 10) in base 5?
1012310410
161626 (base 9) to base 4
120111012
What is -6731120 (base 8) in base 7?
-21266616
-276750 (base 8) to base 10
-97768
What is 1bf70c (base 16) in base 6?
103140444
Convert 231412341 (base 5) to base 13.
2a76a2
-c273 (base 13) to base 6
-324020
Convert -255a346 (base 12) to base 16.
-6ff666
-1141036 (base 7) to base 10
-144430
-688836 (base 13) to base 9
-4582323
Convert 4462414 (base 7) to base 5.
120144443
41546404 (base 7) to base 9
6535614
What is 416443 (base 8) in base 12?
68203
82607 (base 14) to base 13
acbca
Convert 112210202220222 (base 3) to base 7.
123612011
What is -10bc08 (base 14) in base 16?
-8b400
What is 1026436 (base 9) in base 13?
163035
What is 322302223210 (base 4) in base 14?
209284c
Convert 110058 (base 15) to base 3.
1112011020002
Convert 28596 (base 11) to base 2.
1001111011000000
Convert -100611251 (base 7) to base 5.
-3000243041
What is 34204 (base 12) in base 16?
10f24
-aab433 (base 12) to base 16
-296ea7
Convert 542332 (base 7) to base 15.
1ceea
Convert -211315251 (base 6) to base 8.
-16121217
What is -46522145 (base 7) in base 10?
-4089671
15534b (base 12) to base 8
1302253
What is 17300432 (base 8) in base 6?
222220510
What is 10111120201001 (base 3) in base 8?
7064023
-7b86 (base 12) to base 4
-3113112
What is 6392367 (base 10) in base 7?
105222432
ab4843 (base 12) to base 8
12311263
-741027 (base 8) to base 4
-330020113
-1163917 (base 10) to base 14
-22424d
-106362 (base 7) to base 3
-222010210
What is -7c4a51 (base 16) in base 12?
-28899a9
What is -31b750a (base 13) in base 14?
-2032bb7
Convert -43176 (base 14) to base 12.
-79a44
What is -432420231 (base 5) in base 8?
-7015425
Convert 20b7262 (base 13) to base 11.
56a98a8
Convert -1000101010010000110 (base 2) to base 13.
-9c225
What is 6160425 (base 9) in base 10?
3287408
What is -1011010011102 (base 3) in base 2?
-10010101100001111111
-28dab (base 15) to base 9
-220138
-4300343432 (base 5) to base 10
-8996742
Convert -25076 (base 10) to base 15.
-766b
Convert 112ba2c (base 13) to base 8.
24112537
What is 435364 (base 16) in base 10?
4412260
What is -110021220012 (base 3) in base 11?
-155867
Convert -64a46 (base 14) to base 7.
-2032616
What is 10111111110110110 (base 2) in base 13?
35932
Convert -10120110300 (base 4) to base 3.
-2011100001020
11001010110110111010011 (base 2) to base 15
8b4851
Convert -2212433123 (base 5) to base 7.
-55620113
What is -11173471 (base 9) in base 5?
-2342000321
What is -41b1a (base 14) in base 13?
-57251
-2421b (base 13) to base 3
-10100220112
Convert -11342013 (base 5) to base 3.
-12101020121
What is -11101101111 (base 2) in base 9?
-2544
-4e87 (base 15) to base 2
-100000110001001
30744 (base 8) to base 5
402042
Convert -101001011100011101 (base 2) to base 16.
-2971d
Convert -104322553 (base 6) to base 9.
-3504386
-1001100010011000101001 (base 2) to base 6
-125330413
Convert 100242000 (base 5) to base 12.
173321
Convert -111111231232 (base 4) to base 2.
-10101010101101101101110
Convert -a47bb (base 14) to b